 t and 2040.
102
Let n(b) = -b**2 - 45*b + 366. Let x be n(-51). What is the greatest common factor of 276 and x?
12
Suppose v - 27 = 3*h, 112*v - 115*v - 3*h + 45 = 0. Calculate the highest common factor of 756 and v.
18
Let q = -1465 + 1484. Suppose 2*j - 2 = 4*v - 0, 5*j - 5 = 0. Suppose f = -v + 2, -230 = -3*w - f. What is the greatest common divisor of w and q?
19
Let w = 674 - -790. Suppose -38 + w = 46*z. Calculate the highest common divisor of 1147 and z.
31
Let j(z) = 2*z**2 + 44*z + 5. Let r be j(-22). Suppose -17*n = -r*n - 516. What is the highest common factor of 344 and n?
43
Suppose 150*i = 321*i - 147*i - 192. Calculate the greatest common divisor of i and 2628.
4
Let t(c) = c**3 - 2*c**2 - 5*c + 8. Let g be t(8). Let r = g + -349. What is the highest common factor of 24 and r?
3
Let z = 5027 - -2893. Calculate the greatest common factor of z and 32.
16
Let b(o) = -2*o + 2. Let w be b(-5). Let k(x) = 8*x**2 - 1194*x + 3576. Let s be k(3). Calculate the highest common divisor of s and w.
6
Let s be (-3 - 1)*242/(-10) + 56/(-70). Calculate the highest common factor of s and 228.
12
Suppose -1777 + 1166 = -39*m + 14833. Calculate the greatest common divisor of 121 and m.
11
Suppose 5*l - 3*s - 65 = -0*l, -3*l + 3*s + 45 = 0. Suppose 126 = 2*f + l. Let w = -14 - -43. What is the greatest common divisor of w and f?
29
Let t be (0 - 840)*(0 - -5)/(19/(-95)). What is the highest common factor of t and 28?
28
Suppose -1 - 2 = 3*q - 3*o, 0 = -5*o - 15. Let d be 24 - (-4 + (-5 - q)). Let v = d - 4. Calculate the greatest common divisor of 10 and v.
5
Let t be -3*(25/(-15) + 1). Let y be (192/72)/(t/9). What is the highest common divisor of 30 and y?
6
Let i = 75 + -51. Suppose 0 = -19*t + i*t + 455. Let c = 54 - t. What is the greatest common factor of 29 and c?
29
Let u be -35*36/(-63)*(0 + 6). What is the greatest common factor of 2700 and u?
60
Let k be 13 - (-6 - -10 - 8). Let t(z) = -z**2 - 14*z + 96. Let v be t(5). What is the greatest common divisor of k and v?
1
Let i(n) = 10*n - 10. Let s be i(3). Let y = 27 - s. Let k be 2/y + 19/7. What is the highest common factor of k and 30?
3
Let h = 37 - 33. Suppose 42 = h*t - 5*t. Let m be (-55)/(-3) + (-28)/t. Calculate the highest common factor of m and 152.
19
Suppose 380 = 4*t + 6*t. Let n = 197 + 88. Calculate the highest common divisor of n and t.
19
Let b = -373 + 187. Let o = b - -339. Suppose 0 = -5*x - 5, -x - o = -5*j - 27. What is the highest common factor of j and 275?
25
Suppose 3*b - 3*g = 12, 0*g = -g - 2. Suppose 364*n - 140 = 350*n. What is the highest common divisor of n and b?
2
Let b(g) = g**2 - 7*g + 15. Let l be b(3). Suppose 18*h = -l + 75. Calculate the highest common divisor of 32 and h.
4
Let x be (3 - 19)/(-2 + 1). Suppose -9*c - x = -133. What is the greatest common divisor of c and 143?
13
Suppose -24*a - 3*a = -405. Let m be 10/a*9 + 2 + -3. What is the highest common divisor of m and 485?
5
Let m(v) = 4*v**2 + 15*v - 1839. Let k be m(-51). Calculate the highest common factor of 26 and k.
26
Let f be (-145)/(40/(-36) - (-41)/45). Calculate the highest common factor of f and 125.
25
Let l be (-2 - 8/(-8) - (-243)/(-3))*-4. Let p be 34/8 + (-7)/28. Let f be 3*p/(-24)*-82. Calculate the highest common divisor of f and l.
41
Let d(w) = -5*w - 2*w + 4 + 0 + 10*w. Let j(n) = -n**3 - 5*n**2 - 6*n - 2. Let u be j(-4). Let f be d(u). Calculate the greatest common divisor of 176 and f.
22
Let q(r) = -10*r - 5. Let z be q(-39). What is the highest common divisor of 22 and z?
11
Suppose 2*b + 2*a = 86, 12 = 2*a + a. Let o = 498 + -230. Let x = o - 242. Calculate the greatest common factor of b and x.
13
Let x be 2 - (-1)/(-2)*-16. Let b(f) = -4*f + 12. Let n be b(x). Let a = n - -47. What is the greatest common divisor of 57 and a?
19
Let y be 1/(2 + 6/(-4)). Suppose 8*z = -415 - 321. Let j = -78 - z. Calculate the highest common divisor of y and j.
2
Let d = 10201 + -10171. What is the greatest common divisor of 48 and d?
6
Let b(r) = -458*r - 370. Let c be b(-4). What is the highest common divisor of 153 and c?
17
Let g be (-198042)/169 + 4/(-26). Let y = g + 1210. Let i = -126 - -278. What is the highest common factor of y and i?
38
Let o be 3*((-63 - -6) + 7 + -3). Let w = o + 229. Suppose 2*m - 2 - 69 = 3*b, b + 5 = 0. Calculate the greatest common factor of m and w.
14
Suppose i = 4, 35*g - 2*i = 37*g - 18. Calculate the highest common factor of g and 2605.
5
Suppose -2*t + 161 = 2*t - v, t + 3*v = 37. Let b = 28765 - 28665. What is the highest common divisor of t and b?
20
Let z be ((-40)/(-16))/((-5)/380). Let y = z + 295. Calculate the highest common factor of y and 21.
21
Suppose -39*l - 60 = -43*l. Let k be (-4)/(-6) + (5 - (-1565)/l). Calculate the highest common factor of k and 10.
10
Let a = -101 - 24. Let z = -13 - a. Let w = -84 + z. What is the greatest common divisor of w and 28?
28
Let p be (8/(-3))/(2/(-12)). Let u be (-3 - 0) + (316 - (-3 - -1)). Suppose -5 = -4*s + u. What is the greatest common factor of p and s?
16
Let t be (1 - 982/14)/((-448)/1568). Suppose 3*x - x - 44 = 0. What is the greatest common factor of t and x?
22
Let n = 11443 + -11348. Calculate the highest common factor of n and 912.
19
Let i = -351 + 380. What is the greatest common divisor of 9773 and i?
29
Let b = -9085 - -9103. Suppose 4*s - 1030 = -s. Suppose -l + 2*r + s = 0, -r + 3 = 7. Calculate the greatest common divisor of l and b.
18
Let r be (-27 + (-6 - -3))*22/(-4). Suppose 0 = 20*a - 9*a - r. Calculate the greatest common factor of a and 60.
15
Suppose 0 = 10*z - 6*z - 68. Let y(s) = s + 11. Let u be y(z). Suppose -15*t + 4*f = -14*t - 52, 0 = -4*f + 4. Calculate the greatest common divisor of u and t.
28
Let t(d) = -d**3 - 31*d**2 - 73*d - 131. Let r be t(-29). Calculate the greatest common divisor of r and 323.
19
Let w = 1426 + -1206. What is the highest common factor of 8690 and w?
110
Suppose -5*o = -2*m - o - 8, 4*m - 2*o = 2. Suppose m*l + l - 61 = -2*c, 3*l - 15 = 0. Calculate the highest common divisor of 207 and c.
23
Let v = 5557 - 5541. What is the greatest common divisor of v and 328?
8
Suppose -2*t + g = 3, 0 = -4*t + g - 5*g + 12. Let a(k) = -k**2 + 6*k + 112. Let u be a(t). Calculate the highest common divisor of u and 56.
56
Let z(s) = 2*s**2 + 45*s - 1150. Let a be z(-57). Calculate the greatest common divisor of 121 and a.
121
Suppose -c + 2*n + 34 = 2*c, 4*c + n - 27 = 0. Suppose c*q + 56 = 12*q. Suppose -3*f = 2*f - 70. What is the highest common divisor of f and q?
14
Suppose 78 - 498 = -14*y. Calculate the greatest common divisor of 8400 and y.
30
Let u be 362/(-3620) + 237062/20. Calculate the highest common factor of 27 and u.
27
Let v(p) = 8*p - 5. Let a be v(7). Let k = -58 + a. Let r(w) = -3*w + 24. Let t be r(k). Calculate the highest common factor of t and 5.
5
Let f = 14 - -92. Let t(x) be the third derivative of -x**4/2 - 31*x**3/6 + 2*x**2. Let o be t(-7). Calculate the greatest common divisor of f and o.
53
Let b(u) = 10*u**2 - 80*u + 243. Let h be b(3). Calculate the greatest common factor of h and 2077.
31
Let d(p) = 10*p**2 + 3*p + 12. Let j be d(6). Let i be (2/6)/(7 + (-21281)/3042). What is the highest common divisor of i and j?
78
Suppose a - 153 = -2*a. Let k(w) = 3*w + 12. Let b be k(-3). Calculate the highest common factor of b and a.
3
Suppose 2*d - 28 = 5*l, 4*d + 487 = -5*l + 483. Let b(c) = -c**3 + 10*c**2 - 2*c + 5. Let a be b(9). Calculate the greatest common factor of a and d.
4
Let j(z) = -109*z - 748. Let u be j(-7). Calculate the greatest common factor of u and 297.
3
Let u = -43 + 85. Suppose -17 = -23*r + 397. What is the greatest common factor of r and u?
6
Let l = -204 - -216. Suppose 5*p - 2*i = l, -5*p + 11*i + 15 = 6*i. Calculate the highest common divisor of 15 and p.
1
Let d(q) = 5*q - 2. Let y be d(6). Suppose -3*s = s - y. Suppose -10*g + 507 = 87. Calculate the highest common factor of g and s.
7
Let m(r) = 3*r**2 + 23*r - 808. Let t be m(34). What is the greatest common factor of 6 and t?
2
Suppose -46*g - 19981 = -70811. Calculate the highest common factor of g and 455.
65
Let f(p) = -p**3 - 14*p**2 - 23*p + 16. Let m be f(-12). Let u be (-2)/m*(-73 - -23). What is the highest common divisor o